In base 2, what is -111110100100111 + 1010?
-111110100011101
In base 12, what is -612ab9 + 2?
-612ab7
In base 4, what is 1110 - 11?
1033
In base 9, what is 2 + -234060?
-234057
In base 6, what is -1001 + 22425?
21424
In base 7, what is -10643 + 442?
-10201
In base 14, what is -10930 - -7?
-10927
In base 13, what is b75 + -91?
ab4
In base 5, what is -2110 - 4334?
-11444
In base 2, what is -101100101000011 + -10000?
-101100101010011
In base 11, what is -6043 - 11?
-6054
In base 5, what is -1021203 + -2?
-1021210
In base 10, what is -215 + -84?
-299
In base 12, what is -1648 + -41a?
-1a66
In base 5, what is -10 - 3414321?
-3414331
In base 9, what is 261673 - 17?
261655
In base 15, what is 1 + 1c80c?
1c80d
In base 10, what is 3315 + 4?
3319
In base 7, what is -2463 + 504?
-1656
In base 13, what is 7 + 12074?
1207b
In base 7, what is 140 - -66?
236
In base 3, what is 1102220111 - -21?
1102220202
In base 15, what is 3a2723 + 4?
3a2727
In base 12, what is 14096 + 8?
140a2
In base 15, what is -4 - -764e7?
764e3
In base 13, what is -29805 + 2?
-29803
In base 15, what is -5 + -13699?
-1369e
In base 9, what is -441 + 126?
-314
In base 7, what is 55046642 + -3?
55046636
In base 8, what is -2 - -14131?
14127
In base 3, what is -1011110100 - 12?
-1011110112
In base 7, what is -432356 - 21?
-432410
In base 15, what is 0 + b969?
b969
In base 13, what is 26 - 8c?
-66
In base 2, what is -101011101100110100 + -1000?
-101011101100111100
In base 16, what is -3 - 2db31?
-2db34
In base 13, what is 28 + -21238?
-21210
In base 3, what is -11 + 2010012?
2010001
In base 12, what is -128 - -385?
259
In base 15, what is 25 - -333?
358
In base 13, what is 13 + -1772?
-175c
In base 15, what is 6c02 + -35?
6bbc
In base 5, what is 3413 + 3?
3421
In base 3, what is -1120100002 + 21?
-1120022211
In base 15, what is 3 + -2c31?
-2c2d
In base 15, what is 208 - -c?
215
In base 16, what is 917 + 16?
92d
In base 5, what is 240 - 2113?
-1323
In base 2, what is -1100000011010 - -1010?
-1100000010000
In base 13, what is -3 + -142917?
-14291a
In base 7, what is 36 - -13656?
14025
In base 3, what is 1 - -112021202011?
112021202012
In base 16, what is 402 - -28?
42a
In base 7, what is 2 - -306426?
306431
In base 6, what is 12440034 + 5?
12440043
In base 10, what is 4049 + -421?
3628
In base 3, what is 200211121 - -101?
200211222
In base 6, what is 30 - -400223?
400253
In base 3, what is -10 + 20001200101?
20001200021
In base 9, what is -81228 - -4?
-81224
In base 12, what is -1a + -a368?
-a386
In base 10, what is 3 - 27768?
-27765
In base 9, what is 6776165 - 1?
6776164
In base 6, what is 443 - -122430?
123313
In base 2, what is -11 + -101110110110?
-101110111001
In base 14, what is 1c + -34?
-16
In base 16, what is -17e8 + -d?
-17f5
In base 8, what is 2150 - 133?
2015
In base 2, what is 100011001010 + -1001000101?
11010000101
In base 4, what is 0 - -1311322?
1311322
In base 10, what is -668676 - 1?
-668677
In base 7, what is 24325 - 4?
24321
In base 7, what is 52 + -331?
-246
In base 3, what is 22220 + -21121120?
-21021200
In base 16, what is -2 + -a4395?
-a4397
In base 3, what is 2020220220 + -22?
2020220121
In base 4, what is -300222 - -10?
-300212
In base 7, what is -11240501 - -2?
-11240466
In base 3, what is -200111 + -1100?
-201211
In base 5, what is -3102021 + -3?
-3102024
In base 4, what is 130201 + -322?
123213
In base 3, what is -100211110210 - 11?
-100211110221
In base 13, what is -1265 + -15?
-127a
In base 15, what is -5 + -22112?
-22117
In base 9, what is -62 + 5036?
4864
In base 4, what is -33301313 - 2?
-33301321
In base 7, what is 242 + -1462?
-1220
In base 11, what is -13904 - 4?
-13908
In base 5, what is -30210 + 114?
-30041
In base 4, what is -131 - 330000?
-330131
In base 9, what is 0 - 88723?
-88723
In base 4, what is 100121 - -3110?
103231
In base 15, what is 1e82 + -2?
1e80
In base 10, what is -167 - -2303?
2136
In base 14, what is 5 + 3bb0?
3bb5
In base 2, what is 1010111110011 + 101010010?
1011101000101
In base 6, what is -13 - 14251?
-14304
In base 3, what is 12 - 22100012?
-22100000
In base 11, what is -9 - -37006?
36aa8
In base 14, what is 83 + 1850?
18d3
In base 16, what is -26802 + 7?
-267fb
In base 16, what is 4 - -9abb?
9abf
In base 11, what is 15722 + -139?
15594
In base 4, what is 12010300 + -11?
12010223
In base 6, what is -1223314 + 4?
-1223310
In base 16, what is 325056 + -3?
325053
In base 11, what is -83674 - 7?
-83680
In base 2, what is -100001010101010 + -11?
-100001010101101
In base 12, what is -166b51 + 7?
-166b46
In base 9, what is -37670 + 33?
-37636
In base 13, what is 5 + 4b54?
4b59
In base 7, what is -10660 - -22?
-10635
In base 2, what is 10001100100010100001 - -11?
10001100100010100100
In base 9, what is -12410 + -25?
-12435
In base 5, what is -1333444231 - -4?
-1333444222
In base 16, what is 3 + 1d2d?
1d30
In base 5, what is -11110 - 14412?
-31022
In base 5, what is -132 - 10212?
-10344
In base 2, what is -100101101111010 + -110010?
-100101110101100
In base 15, what is 5c48c - 7?
5c485
In base 2, what is -100 + 1011100111101010?
1011100111100110
In base 4, what is 1311 - -3010?
10321
In base 10, what is 4 + 17060?
17064
In base 15, what is -252d + -8?
-2536
In base 7, what is -65 + -11033?
-11131
In base 12, what is 4 + ab248?
ab250
In base 3, what is -120120 + -122201?
-1020021
In base 12, what is -223a47 + 1?
-223a46
In base 4, what is -1 + 312?
311
In base 15, what is 3 + -3481?
-347d
In base 3, what is -100 - 211020221?
-211021021
In base 15, what is -3 - 934ae?
-934b2
In base 8, what is 1247 + -221?
1026
In base 2, what is -1001101110011 + 0?
-1001101110011
In base 4, what is 13021321 - -3?
13021330
In base 11, what is -1a3823 - -4?
-1a381a
In base 13, what is 294 + 2b1?
575
In base 14, what is -1 - 8b0da?
-8b0db
In base 9, what is -135483 + 2?
-135481
In base 15, what is 4 - -663?
667
In base 16, what is 2c - 580?
-554
In base 3, what is -10 + -101101?
-101111
In base 6, what is 3000 + -15?
2541
In base 6, what is -2 - 1503553?
-1503555
In base 4, what is -1313 - 11100?
-13013
In base 8, what is 60 + 31307?
31367
In base 2, what is -101001010011100100 - 110?
-101001010011101010
In base 11, what is -7 - 303a?
-3046
In base 3, what is -2122111202110 + -1?
-2122111202111
In base 6, what is -35 + -4002?
-4041
In base 6, what is -2550 - -114013?
111023
In base 11, what is -42948 + -3?
-42950
In base 11, what is 14a8 + 34?
1531
In base 3, what is -1020020 - -100?
-1012220
In base 10, what is -2 - -4863?
4861
In base 4, what is 102 - -11322113?
11322221
In base 2, what is 11001001110 + -100100001?
10100101101
In base 6, what is 14320022 - -1?
14320023
In base 7, what is 0 - 46202?
-46202
In base 4, what is -113333 + -1013?
-121012
In base 14, what is -7 + 2d475?
2d46c
In base 16, what is -8 - -3b4?
3ac
In base 14, what is 1b0 - 93?
11b
In base 16, what is e + 2f66?
2f74
In base 9, what is 521 - -604?
1225
In base 2, what is -1000000101101110 + -100?
-1000000101110010
In base 11, what is 55 - 503a?
-4a95
In base 9, what is 1136 + -12578?
-11442
In base 11, what is 8 - -41a?
427
In base 15, what is c24c + -57?
c1e5
In base 14, what is 5 - -1539?
1540
In base 7, what is -240 + -21?
-261
In base 2, what is 11100101000011111 + -101?
11100101000011010
In base 14, what is -1 - 32374?
-32375
In base 16, what is -3 + -8b500?
-8b503
In base 15, what is 1b2 - 1a?
197
In base 9, what is 41 + -105744?
-105703
In base 4, what is 10 - -3303120?
3303130
In base 8, what is -1 + 5061143?
5061142
In base 7, what is -22120 + -125?
-22245
In base 15, what is 92e5 + -3?
92e2
In base 9, what is -10 - -134?
124
In base 16, what is 2f - 61?
-32
In base 12, what is 89b89 + 2?
89b8b
In base 9, what is 83103 + 22?
83125
In base 7, what is 5 + -163060?
-163052
In base 4, what is -320330 - -1?
-320323
In base 6, what is -323430 - 2?
-323432
In base 11, what is 4 + 127441?
127445
In base 12, what is -26 + 1614a?
16124
In base 2, what is -10 - 101010111100101?
-101010111100111
In base 5, what is 1022101 + -33?
1022013
In base 4, what is 1132 + -1202033?
-1200301
In base 9, what is 505084 - 10?
505074
In base 3, what is -1100022 + 120002?
-210020
In base 2, what is 1001001001 + -11101?
1000101100
In base 4, what is -300 - 2311?
-3211
In base 3, what is 12 - -22120120